{"id":21478,"date":"2024-11-13T19:50:54","date_gmt":"2024-11-13T19:50:54","guid":{"rendered":"https:\/\/ancestraveltours.com\/?page_id=21478"},"modified":"2024-11-20T17:34:09","modified_gmt":"2024-11-20T17:34:09","slug":"paquetes-turisticos","status":"publish","type":"page","link":"https:\/\/ancestraveltours.com\/index.php\/paquetes-turisticos\/","title":{"rendered":"Paquetes Tur\u00edsticos"},"content":{"rendered":"\t\t<div data-elementor-type=\"wp-page\" data-elementor-id=\"21478\" class=\"elementor elementor-21478\" data-elementor-post-type=\"page\">\n\t\t\t\t<div class=\"elementor-element elementor-element-d9b6aac wd-section-stretch-content e-con-full e-flex e-con e-parent\" data-id=\"d9b6aac\" data-element_type=\"container\" data-settings=\"{&quot;background_background&quot;:&quot;classic&quot;}\">\n\t\t<div class=\"elementor-element elementor-element-99c6720 e-flex e-con-boxed e-con e-child\" data-id=\"99c6720\" data-element_type=\"container\">\n\t\t\t\t\t<div class=\"e-con-inner\">\n\t\t\t\t<div class=\"elementor-element elementor-element-8623178 elementor-widget elementor-widget-heading\" data-id=\"8623178\" data-element_type=\"widget\" data-widget_type=\"heading.default\">\n\t\t\t\t<div class=\"elementor-widget-container\">\n\t\t\t<h2 class=\"elementor-heading-title elementor-size-default\">PAQUETES TURISTICOS <\/h2>\t\t<\/div>\n\t\t\t\t<\/div>\n\t\t\t\t\t<\/div>\n\t\t\t\t<\/div>\n\t\t\t\t<\/div>\n\t\t<div class=\"elementor-element elementor-element-1d4d3f8 e-con-full wd-section-stretch-content e-flex e-con e-parent\" data-id=\"1d4d3f8\" data-element_type=\"container\" data-settings=\"{&quot;background_background&quot;:&quot;classic&quot;}\">\n\t\t<div class=\"elementor-element elementor-element-87757f8 wd-section-stretch-content e-flex e-con-boxed e-con e-child\" data-id=\"87757f8\" data-element_type=\"container\" data-settings=\"{&quot;background_background&quot;:&quot;classic&quot;}\">\n\t\t\t\t\t<div class=\"e-con-inner\">\n\t\t\t\t<div class=\"elementor-element elementor-element-c18b08b wd-width-100 elementor-widget elementor-widget-wd_blog\" data-id=\"c18b08b\" data-element_type=\"widget\" data-widget_type=\"wd_blog.default\">\n\t\t\t\t<div class=\"elementor-widget-container\">\n\t\t\t\t\t\t\t\t\t\t<div class=\"wd-blog-element\">\n\t\t\t\t\t<div class=\"wd-posts wd-blog-holder wd-masonry wd-grid-f-col\" id=\"69f12c42415d2\" data-paged=\"1\" data-atts=\"{&quot;post_type&quot;:&quot;post&quot;,&quot;items_per_page&quot;:50,&quot;include&quot;:null,&quot;taxonomies&quot;:[&quot;76&quot;],&quot;offset&quot;:&quot;&quot;,&quot;orderby&quot;:&quot;&quot;,&quot;order&quot;:&quot;DESC&quot;,&quot;meta_key&quot;:null,&quot;exclude&quot;:&quot;&quot;,&quot;parts_media&quot;:true,&quot;parts_title&quot;:&quot;1&quot;,&quot;parts_meta&quot;:&quot;&quot;,&quot;parts_text&quot;:&quot;1&quot;,&quot;parts_btn&quot;:&quot;1&quot;,&quot;img_size&quot;:&quot;full&quot;,&quot;blog_design&quot;:&quot;mask&quot;,&quot;blog_carousel_design&quot;:null,&quot;blog_columns&quot;:{&quot;unit&quot;:&quot;px&quot;,&quot;size&quot;:4,&quot;sizes&quot;:[]},&quot;blog_columns_tablet&quot;:{&quot;size&quot;:&quot;&quot;},&quot;blog_columns_mobile&quot;:{&quot;size&quot;:&quot;&quot;},&quot;blog_spacing&quot;:&quot;&quot;,&quot;blog_spacing_tablet&quot;:&quot;&quot;,&quot;blog_spacing_mobile&quot;:&quot;&quot;,&quot;pagination&quot;:&quot;&quot;,&quot;speed&quot;:null,&quot;slides_per_view&quot;:null,&quot;slides_per_view_tablet&quot;:{&quot;size&quot;:&quot;&quot;},&quot;slides_per_view_mobile&quot;:{&quot;size&quot;:&quot;&quot;},&quot;wrap&quot;:null,&quot;autoplay&quot;:null,&quot;hide_pagination_control&quot;:null,&quot;hide_prev_next_buttons&quot;:null,&quot;scroll_per_page&quot;:null,&quot;lazy_loading&quot;:&quot;no&quot;,&quot;scroll_carousel_init&quot;:null,&quot;ajax_page&quot;:&quot;&quot;,&quot;custom_sizes&quot;:false,&quot;elementor&quot;:true}\" data-source=\"shortcode\" style=\"--wd-col-lg:4;--wd-col-md:4;--wd-col-sm:1;--wd-gap-lg:20px;--wd-gap-sm:10px;\">\n\t\t\t\n\t\t\t\t\t\t\t\t\t\t\t\t\t\t\t\t\t\t\t\n<article id=\"post-21943\" class=\"wd-post blog-design-mask blog-post-loop blog-style-bg wd-add-shadow wd-col post-21943 post type-post status-publish format-standard has-post-thumbnail hentry category-paquetes-turisticos\">\n\t<div class=\"article-inner\">\n\t\t\t\t\t<header class=\"entry-header\">\n\t\t\t\t\t\t\t\t\t<figure id=\"carousel-942\" class=\"entry-thumbnail\">\n\t\t\t\t\t\t\n\t\t\t\t\t\t\t<div class=\"post-img-wrapp\">\n\t\t\t\t\t\t\t\t<a href=\"https:\/\/ancestraveltours.com\/index.php\/2024\/11\/20\/cuzco-machu-picchu-3-dias-2-noches\/\">\n\t\t\t\t\t\t\t\t\t<img fetchpriority=\"high\" decoding=\"async\" width=\"1000\" height=\"800\" src=\"https:\/\/ancestraveltours.com\/wp-content\/uploads\/2024\/11\/TOUR-PACHACAMAC-BARRANCO-27.jpg\" class=\"attachment-full size-full\" alt=\"\" srcset=\"https:\/\/ancestraveltours.com\/wp-content\/uploads\/2024\/11\/TOUR-PACHACAMAC-BARRANCO-27.jpg 1000w, https:\/\/ancestraveltours.com\/wp-content\/uploads\/2024\/11\/TOUR-PACHACAMAC-BARRANCO-27-375x300.jpg 375w, https:\/\/ancestraveltours.com\/wp-content\/uploads\/2024\/11\/TOUR-PACHACAMAC-BARRANCO-27-768x614.jpg 768w, https:\/\/ancestraveltours.com\/wp-content\/uploads\/2024\/11\/TOUR-PACHACAMAC-BARRANCO-27-430x344.jpg 430w, https:\/\/ancestraveltours.com\/wp-content\/uploads\/2024\/11\/TOUR-PACHACAMAC-BARRANCO-27-700x560.jpg 700w, https:\/\/ancestraveltours.com\/wp-content\/uploads\/2024\/11\/TOUR-PACHACAMAC-BARRANCO-27-150x120.jpg 150w\" sizes=\"(max-width: 1000px) 100vw, 1000px\" \/>\t\t\t\t\t\t\t\t<\/a>\n\t\t\t\t\t\t\t<\/div>\n\t\t\t\t\t\t\t<div class=\"post-image-mask\">\n\t\t\t\t\t\t\t\t<span><\/span>\n\t\t\t\t\t\t\t<\/div>\n\n\t\t\t\t\t\t\n\t\t\t\t\t<\/figure>\n\t\t\t\t\n\t\t\t\t\t\t\t\t\t\t\t\t\t\n\t\t\t<\/header><!-- .entry-header -->\n\n\t\t<div class=\"article-body-container\">\n\t\t\t\n\t\t\t\t\n\t\t\t\t\t\t\t\t\t<h3 class=\"wd-entities-title title post-title\">\n\t\t\t\t\t\t<a href=\"https:\/\/ancestraveltours.com\/index.php\/2024\/11\/20\/cuzco-machu-picchu-3-dias-2-noches\/\" rel=\"bookmark\">CUZCO \u2013 MACHU PICCHU 3 d\u00edas \/ 2 noches<\/a>\n\t\t\t\t\t<\/h3>\n\t\t\t\t\n\t\t\t\t\t\t\t\n\t\t\t\t\t\t\t\n\t\t\t\t                    <div class=\"entry-content wd-entry-content\">\n\t\t\t\t\t\tCUZCO \u2013 MACHU PICCHU 3 d\u00edas \/ 2 noches\t\t\n\t\tDisfruta de un emocionante viaje de 3 d\u00edas y 2 noches a Cusco y Machu Picchu. Explora la his...\n\t\t\t\t\t\t\t\t\t\t\t<\/div><!-- .entry-content -->\n\t\t\t\t\n\t\t\t\t\t\t\t\t\t\t\t\t\t\t<p class=\"read-more-section\">\n\t\t\t\t\t\t<a class=\"btn-read-more more-link\" href=\"https:\/\/ancestraveltours.com\/index.php\/2024\/11\/20\/cuzco-machu-picchu-3-dias-2-noches\/\">Seguir leyendo<\/a>\t\t\t\t\t<\/p>\n\t\t\t\t\t\t\t\t\t\t\t\n\t\t\t\n\t\t\t\t\t<\/div>\n\t<\/div>\n<\/article><!-- #post -->\n\n\n\t\t\t\t\t\t\t\t\t\t\t\t\t\t\t\t\t\t\t\n<article id=\"post-21930\" class=\"wd-post blog-design-mask blog-post-loop blog-style-bg wd-add-shadow wd-col post-21930 post type-post status-publish format-standard has-post-thumbnail hentry category-paquetes-turisticos\">\n\t<div class=\"article-inner\">\n\t\t\t\t\t<header class=\"entry-header\">\n\t\t\t\t\t\t\t\t\t<figure id=\"carousel-475\" class=\"entry-thumbnail\">\n\t\t\t\t\t\t\n\t\t\t\t\t\t\t<div class=\"post-img-wrapp\">\n\t\t\t\t\t\t\t\t<a href=\"https:\/\/ancestraveltours.com\/index.php\/2024\/11\/20\/paracas-nazca-ica-2-dias-1-noche\/\">\n\t\t\t\t\t\t\t\t\t<img decoding=\"async\" width=\"1000\" height=\"800\" src=\"https:\/\/ancestraveltours.com\/wp-content\/uploads\/2024\/11\/TOUR-PACHACAMAC-BARRANCO-26.jpg\" class=\"attachment-full size-full\" alt=\"\" srcset=\"https:\/\/ancestraveltours.com\/wp-content\/uploads\/2024\/11\/TOUR-PACHACAMAC-BARRANCO-26.jpg 1000w, https:\/\/ancestraveltours.com\/wp-content\/uploads\/2024\/11\/TOUR-PACHACAMAC-BARRANCO-26-375x300.jpg 375w, https:\/\/ancestraveltours.com\/wp-content\/uploads\/2024\/11\/TOUR-PACHACAMAC-BARRANCO-26-768x614.jpg 768w, https:\/\/ancestraveltours.com\/wp-content\/uploads\/2024\/11\/TOUR-PACHACAMAC-BARRANCO-26-430x344.jpg 430w, https:\/\/ancestraveltours.com\/wp-content\/uploads\/2024\/11\/TOUR-PACHACAMAC-BARRANCO-26-700x560.jpg 700w, https:\/\/ancestraveltours.com\/wp-content\/uploads\/2024\/11\/TOUR-PACHACAMAC-BARRANCO-26-150x120.jpg 150w\" sizes=\"(max-width: 1000px) 100vw, 1000px\" \/>\t\t\t\t\t\t\t\t<\/a>\n\t\t\t\t\t\t\t<\/div>\n\t\t\t\t\t\t\t<div class=\"post-image-mask\">\n\t\t\t\t\t\t\t\t<span><\/span>\n\t\t\t\t\t\t\t<\/div>\n\n\t\t\t\t\t\t\n\t\t\t\t\t<\/figure>\n\t\t\t\t\n\t\t\t\t\t\t\t\t\t\t\t\t\t\n\t\t\t<\/header><!-- .entry-header -->\n\n\t\t<div class=\"article-body-container\">\n\t\t\t\n\t\t\t\t\n\t\t\t\t\t\t\t\t\t<h3 class=\"wd-entities-title title post-title\">\n\t\t\t\t\t\t<a href=\"https:\/\/ancestraveltours.com\/index.php\/2024\/11\/20\/paracas-nazca-ica-2-dias-1-noche\/\" rel=\"bookmark\">PARACAS + NAZCA + ICA 2 d\u00edas \/ 1 noche<\/a>\n\t\t\t\t\t<\/h3>\n\t\t\t\t\n\t\t\t\t\t\t\t\n\t\t\t\t\t\t\t\n\t\t\t\t                    <div class=\"entry-content wd-entry-content\">\n\t\t\t\t\t\tPARACAS + NAZCA + ICA 2 d\u00edas \/ 1 noche\n\t\t\n\t\tLa monta\u00f1a Humantay, una de las principales atracciones tur\u00edsticas de Cusco, est\u00e1 situada e...\n\t\t\t\t\t\t\t\t\t\t\t<\/div><!-- .entry-content -->\n\t\t\t\t\n\t\t\t\t\t\t\t\t\t\t\t\t\t\t<p class=\"read-more-section\">\n\t\t\t\t\t\t<a class=\"btn-read-more more-link\" href=\"https:\/\/ancestraveltours.com\/index.php\/2024\/11\/20\/paracas-nazca-ica-2-dias-1-noche\/\">Seguir leyendo<\/a>\t\t\t\t\t<\/p>\n\t\t\t\t\t\t\t\t\t\t\t\n\t\t\t\n\t\t\t\t\t<\/div>\n\t<\/div>\n<\/article><!-- #post -->\n\n\n\t\t\t\t\n\t\t\t\t\t\t\t\t<\/div>\n\t\t\t\n\t\t\t\t\t\t\t\t\t\t<\/div>\n\t\t\t\t\t\t\t\t<\/div>\n\t\t\t\t<\/div>\n\t\t\t\t\t<\/div>\n\t\t\t\t<\/div>\n\t\t\t\t<\/div>\n\t\t\t\t<\/div>\n\t\t","protected":false},"excerpt":{"rendered":"<p>PAQUETES TURISTICOS 20 Nov CUZCO \u2013 MACHU PICCHU 3 d\u00edas \/ 2 noches CUZCO \u2013 MACHU PICCHU 3 d\u00edas \/<\/p>\n","protected":false},"author":1,"featured_media":0,"parent":0,"menu_order":0,"comment_status":"closed","ping_status":"closed","template":"","meta":{"footnotes":""},"class_list":["post-21478","page","type-page","status-publish","hentry"],"_links":{"self":[{"href":"https:\/\/ancestraveltours.com\/index.php\/wp-json\/wp\/v2\/pages\/21478","targetHints":{"allow":["GET"]}}],"collection":[{"href":"https:\/\/ancestraveltours.com\/index.php\/wp-json\/wp\/v2\/pages"}],"about":[{"href":"https:\/\/ancestraveltours.com\/index.php\/wp-json\/wp\/v2\/types\/page"}],"author":[{"embeddable":true,"href":"https:\/\/ancestraveltours.com\/index.php\/wp-json\/wp\/v2\/users\/1"}],"replies":[{"embeddable":true,"href":"https:\/\/ancestraveltours.com\/index.php\/wp-json\/wp\/v2\/comments?post=21478"}],"version-history":[{"count":10,"href":"https:\/\/ancestraveltours.com\/index.php\/wp-json\/wp\/v2\/pages\/21478\/revisions"}],"predecessor-version":[{"id":21962,"href":"https:\/\/ancestraveltours.com\/index.php\/wp-json\/wp\/v2\/pages\/21478\/revisions\/21962"}],"wp:attachment":[{"href":"https:\/\/ancestraveltours.com\/index.php\/wp-json\/wp\/v2\/media?parent=21478"}],"curies":[{"name":"wp","href":"https:\/\/api.w.org\/{rel}","templated":true}]}}